4, 4*m = -3*g - 6. Suppose -p - p + c = m. What are the prime factors of p?
5
Let s(f) = 289*f - 8. Suppose -10 = -5*y - 5*y. What are the prime factors of s(y)?
281
Let o(y) = y**3 + y**2 + y - 1. Let n(q) = 5*q**3 + 8*q**2 + 5*q - 7. Let i(s) = -n(s) + 4*o(s). List the prime factors of i(-7).
157
Let h(g) = g**2 - 11*g - 46. List the prime factors of h(27).
2, 193
Let q(s) be the second derivative of s**5/20 + s**4/3 - s**3/6 - 8*s. What are the prime factors of q(-3)?
2, 3
Let k(n) = n + 20. Let u(d) = -2*d + 2. Let q be u(4). What are the prime factors of k(q)?
2, 7
Let y(i) = 2*i**2 + 8*i + 8. Suppose 0*b - 11 = -b. Suppose -5*l - b = 19. What are the prime factors of y(l)?
2
Let n(m) = 9*m**3 - 2*m**2 - 9*m + 48. List the prime factors of n(4).
2, 139
Let z(p) = -p**2 + 8*p + 24. Suppose 2 + 14 = 2*g. What are the prime factors of z(g)?
2, 3
Let a = -26 - -50. Suppose -p = 3*w + w - a, 0 = 3*p + 5*w - 37. Let m = -2 + p. List the prime factors of m.
2
Let t be (-113 - -6)/((-1)/(-2)). Let u = -130 - t. List the prime factors of u.
2, 3, 7
Let w = -6 + 56. List the prime factors of w.
2, 5
Let o = 155 - 170. Let p(u) be the first derivative of -u**2/2 - 10*u - 1. List the prime factors of p(o).
5
Suppose -1538 = -6*k + 88. Suppose 3*n - 735 = 5*y, -3*n + 2*y + k = -455. List the prime factors of n.
2, 3, 5
Let j(v) = 1 - 10 + 2 + 0 + v. Let x be j(7). Suppose 0 = -x*b + b - 18. List the prime factors of b.
2, 3
What are the prime factors of (-13)/78 - (-3277)/6?
2, 3, 7, 13
Suppose 4020 = 8*u - 12*u. Let y be 27/63 + u/(-7). Suppose -5*q = t - 307, 4*q - 98 - y = t. List the prime factors of q.
61
Let d be (-279)/6*-2*1. Let s = 3 + d. What are the prime factors of s?
2, 3
Suppose 4*p + 579 = 3*o - 1469, 15 = -3*p. What are the prime factors of o?
2, 13
Suppose l - 4*s + 14 = 0, 5*s = -3*l - 9 + 1. List the prime factors of (-63)/l*(-14)/(-3).
7
List the prime factors of (-2 - -19) + (-16)/8 + 6.
3, 7
Suppose 0 = -3*d + 4*k - 115, 4*d + 0*d + 120 = -3*k. Let o = d - -93. What are the prime factors of o?
2, 3, 5
Let x(o) = o**2 - o - 3. Let j be x(3). Suppose k = -j*k - 44. Let q = 6 - k. List the prime factors of q.
17
Suppose 0 = -5*a - 4*x + 1477, 4*x - 289 = -a - 0*x. Let w = a + -164. List the prime factors of w.
7, 19
Let v(h) = 46*h + 432. List the prime factors of v(70).
2, 11, 83
List the prime factors of 542 + 0 + 8/(64/24).
5, 109
Let s(w) = -w**3 + 28*w**2 - 26*w - 81. What are the prime factors of s(24)?
3, 13, 41
Let s(z) = -26*z - 1. Let a be s(1). Let g be (-75)/10*(-6)/(-5). List the prime factors of 2/g + (-816)/a.
2, 3, 5
Suppose -436 = -5*f + 164. What are the prime factors of f?
2, 3, 5
Let t = 730 - 223. List the prime factors of t.
3, 13
Let h = 246 + -187. What are the prime factors of h?
59
Let a = -108 - -115. List the prime factors of a.
7
Let f(y) = y**3 - 2*y**2 - 4*y - 1. Let w be f(3). Let l be -3 - (-46 - 8/w). Suppose -43 = -3*a + l. What are the prime factors of a?
2, 7
Let i = 148 - 87. What are the prime factors of i?
61
Let y = 6908 - 3982. What are the prime factors of y?
2, 7, 11, 19
Let h be (1539/(-38))/((-1)/6). Suppose -2*l + h = -l. What are the prime factors of l?
3
Let y(g) be the second derivative of g**4/12 + 8*g**3/3 + 17*g**2/2 + 3*g. Let u be y(-14). Let b(s) = -3*s + 18. What are the prime factors of b(u)?
3, 17
Suppose 2*i - 419 = 935. What are the prime factors of i?
677
Let m(w) = w**2 - 2*w**2 + 6*w**2 - 1 - w**2. Let s be m(-1). Suppose -80 = -2*k - s*a, 2*a + 57 = 3*k - 37. What are the prime factors of k?
2, 17
Suppose 2*q = 3*k - 3010, -k - 3*q + 1025 = -8*q. List the prime factors of k.
2, 5
Let z(v) = 1129*v**3 + 3*v - 4. What are the prime factors of z(1)?
2, 3, 47
Let a(h) = 10*h + 54. Let d be a(-5). List the prime factors of (2 - d) + (201 - -14).
3, 71
Let y = -285 + 1918. List the prime factors of y.
23, 71
Suppose -6*w - 604 = -2*v - 3*w, 2*v - 604 = 2*w. List the prime factors of v.
2, 151
Let s(z) = -48*z - 5. Let k = -16 - -13. What are the prime factors of s(k)?
139
List the prime factors of (-517 - -3)*2/(-4).
257
Suppose 2*c - 538 = 178. What are the prime factors of c?
2, 179
Let o(u) = 445*u**3 - u**2 + 18*u - 36. What are the prime factors of o(2)?
2, 7, 127
Let t = 3 - 1. Suppose 0 = t*y + 3*y - 65. Suppose -3*g + 37 = y. List the prime factors of g.
2
Let u = 29 + 79. Suppose -u = 3*h - 381. List the prime factors of h.
7, 13
Suppose -3*i = 4*t - 1174 - 365, 5*i = -3*t + 2554. What are the prime factors of i?
509
Suppose -3*k + 116886 = 66*k. What are the prime factors of k?
2, 7, 11
Suppose 2*h = -t + 13, 2*t = -4*h + 4*t + 46. Let x be 3*-1 + h/3. Suppose x = -g - 0 + 3. List the prime factors of g.
3
Let z = 1 + 17. Suppose 5*w = -4*w + z. List the prime factors of w.
2
Let c = 716 + 943. List the prime factors of c.
3, 7, 79
Let r(y) = -2*y + 16. Let m be r(8). Suppose m = 3*p - 250 - 188. List the prime factors of p.
2, 73
Let q be 2*1/(-3)*21. List the prime factors of (36/q)/((-6)/56).
2, 3
Let s(l) = 4*l**2 - 2*l - 119. What are the prime factors of s(16)?
3, 97
Let r be (-28)/6 + (-10)/(-15). List the prime factors of 57/4*r*2/(-2).
3, 19
Let r(h) = -18*h - 11. Let l be r(7). Let z = l - -215. What are the prime factors of z?
2, 3, 13
Let g be 44*10/(-16)*-2. Suppose -g*p - 33 = -58*p. What are the prime factors of p?
11
Let m(p) = -339*p + 81. List the prime factors of m(-2).
3, 11, 23
Suppose f - 5*f - 22 = 5*k, 3*f = 5*k + 1. List the prime factors of -1*111*(-3 - k).
3, 37
Let n(f) be the second derivative of f**4/12 + f**3/3 - 3*f**2/2 - 14*f. Suppose -4*q = -0*q - 2*a + 22, 2*q + 6 = -4*a. What are the prime factors of n(q)?
2, 3
What are the prime factors of 96/(-36) + (-33888)/(-18)?
2, 5, 47
List the prime factors of (74 + (-10)/5)*(-98)/(-3).
2, 3, 7
List the prime factors of (-1)/5*-237 - 12/30.
47
Let p(z) = 18*z**2 - 21*z + 15. What are the prime factors of p(10)?
3, 5, 107
Let f(j) = 3*j - 2*j - 1 + 12. Let g be f(-9). Suppose r + g*r = 27. What are the prime factors of r?
3
List the prime factors of 504/(-49)*(65/(-10) - -3).
2, 3
Let k(m) = 120*m + 65*m - 12*m - 31*m. What are the prime factors of k(1)?
2, 71
Let m be ((-2)/(-4))/(6/36). Let k(q) = -3 + 2*q**2 + 6*q**3 - 2*q**3 + 0*q**m + q - 5*q**3. What are the prime factors of k(-2)?
11
Let s be (-2)/3 + (-22)/(-6). What are the prime factors of (-4)/(-1) - (-15)/s?
3
Let c be (-91)/(-65) + (-2)/5. Suppose -o + 0 = -c, u + 3*o - 5 = 0. Suppose 0*x - 3*x + 12 = -w, 0 = u*w. What are the prime factors of x?
2
Suppose -j = -2*j - 5*z - 12, -5*j + 12 = z. Suppose -f + j*f - 140 = 0. List the prime factors of f.
2, 5, 7
Suppose 4*g - 378 = 1222. Suppose -13*d + 8*d = -g. List the prime factors of d.
2, 5
Let n be -7*(-3 + -21 - 4). Suppose 0*l = 2*j - 2*l - n, -3*j = -l - 284. What are the prime factors of j?
3, 31
Let n be (-220)/(-33)*(-42)/(-4). Let z = n + -31. List the prime factors of z.
3, 13
Let z(l) = -l**3 - 6*l**2 + 6*l - 7. Let j be z(-7). Let g(c) = -2*c**2 - c**3 + j - c**3 + c**3 + 2*c + 4. List the prime factors of g(-4).
2, 7
Suppose 61 = -5*j + 4616. What are the prime factors of j?
911
Suppose -p - 2*l = -1386, l = -3*p + 3761 + 392. List the prime factors of p.
2, 173
Suppose -i - 4*i = -30. Suppose 40 = i*f - 2*f. List the prime factors of (-8)/f*(-125)/2.
2, 5
Suppose -19*f + 50 = -14*f. Let y = f - -6. What are the prime factors of y?
2
Let v(l) = 3*l**2 + 6*l - 1. Let h(p) = -8*p**2 - 17*p + 3. Let c(f) = 4*h(f) + 11*v(f). Let g be c(7). Let s = -22 + g. List the prime factors of s.
2, 7
Let o = 49 - 47. Suppose o*f = 279 - 103. What are the prime factors of f?
2, 11
Let f be 6/(-6)*(-177 + 1). Let b be 45/2*f/(-20). What are the prime factors of 6/(-21) - b/7?
2, 7
Suppose -r = -0*g + 5*g - 38, -4*r = -12. Suppose g*k = 6*k. Suppose -i + 6*i - 55 = k. List the prime factors of i.
11
What are the prime factors of (376 - 62) + 3/(3/(-4))?
2, 5, 31
Suppose -3*t - 5*o = -2*o + 18, 4*t + 5*o = -22. What are the prime factors of t/4 - -6 - -69?
73
Suppose 5*b - 300 = -2*c + 3*b, -5*c + 730 = b. List the prime factors of c.
5, 29
Suppose 0 = -2*g + 2*i + 1790, 11*g - i - 4475 = 6*g. List the prime factors of g.
5, 179
Let q = 1 - 9. Let h(v) = 8*v**2 - 3*v**2 - 6*v*